e hundred thousands digit of 43259472?
2
What is the tens digit of 1567572?
7
What is the hundreds digit of 1393282?
2
What is the units digit of 3768235?
5
What is the thousands digit of 1399177?
9
What is the hundred thousands digit of 145647?
1
What is the thousands digit of 10459966?
9
What is the ten thousands digit of 461376?
6
What is the thousands digit of 35207?
5
What is the ten thousands digit of 1206750?
0
What is the ten thousands digit of 56514?
5
What is the units digit of 1405884?
4
What is the millions digit of 3630475?
3
What is the thousands digit of 203774?
3
What is the ten thousands digit of 27421?
2
What is the units digit of 394768?
8
What is the ten thousands digit of 1099549?
9
What is the thousands digit of 270315?
0
What is the thousands digit of 489980?
9
What is the thousands digit of 2531682?
1
What is the hundreds digit of 441789?
7
What is the hundred thousands digit of 138052?
1
What is the ten thousands digit of 796661?
9
What is the ten thousands digit of 8485195?
8
What is the hundreds digit of 13395796?
7
What is the hundreds digit of 724254?
2
What is the thousands digit of 454387?
4
What is the thousands digit of 163570?
3
What is the tens digit of 2295689?
8
What is the ten thousands digit of 1499970?
9
What is the hundred thousands digit of 5403639?
4
What is the units digit of 679275?
5
What is the thousands digit of 8925973?
5
What is the hundreds digit of 2811109?
1
What is the units digit of 499001?
1
What is the tens digit of 66936?
3
What is the units digit of 3282494?
4
What is the tens digit of 153292?
9
What is the hundreds digit of 411566?
5
What is the units digit of 242354?
4
What is the thousands digit of 8665709?
5
What is the ten thousands digit of 561074?
6
What is the ten thousands digit of 24285866?
8
What is the thousands digit of 1071931?
1
What is the hundred thousands digit of 2135248?
1
What is the hundred thousands digit of 915230?
9
What is the tens digit of 159819?
1
What is the thousands digit of 228357?
8
What is the units digit of 1950019?
9
What is the tens digit of 12107407?
0
What is the ten thousands digit of 377856?
7
What is the units digit of 8700229?
9
What is the hundred thousands digit of 1324074?
3
What is the hundreds digit of 2306068?
0
What is the hundreds digit of 26301338?
3
What is the tens digit of 1239554?
5
What is the hundreds digit of 126087?
0
What is the ten thousands digit of 12697456?
9
What is the millions digit of 31241363?
1
What is the hundreds digit of 371284?
2
What is the millions digit of 10292820?
0
What is the tens digit of 612835?
3
What is the units digit of 275294?
4
What is the hundred thousands digit of 18508666?
5
What is the tens digit of 997100?
0
What is the thousands digit of 8763156?
3
What is the ten thousands digit of 374352?
7
What is the ten thousands digit of 197650?
9
What is the thousands digit of 371998?
1
What is the hundreds digit of 1979803?
8
What is the units digit of 16342455?
5
What is the thousands digit of 396212?
6
What is the hundreds digit of 832110?
1
What is the ten thousands digit of 664110?
6
What is the hundreds digit of 193729?
7
What is the ten thousands digit of 3158991?
5
What is the hundred thousands digit of 279687?
2
What is the hundred thousands digit of 7361137?
3
What is the thousands digit of 367524?
7
What is the units digit of 18974043?
3
What is the hundreds digit of 6494261?
2
What is the millions digit of 1681152?
1
What is the hundreds digit of 56650?
6
What is the millions digit of 2408486?
2
What is the hundred thousands digit of 2753678?
7
What is the tens digit of 4727717?
1
What is the thousands digit of 148862?
8
What is the ten thousands digit of 1822831?
2
What is the tens digit of 12487773?
7
What is the thousands digit of 340886?
0
What is the units digit of 725876?
6
What is the tens digit of 105325?
2
What is the hundreds digit of 13258499?
4
What is the units digit of 458843?
3
What is the tens digit of 9792341?
4
What is the hundreds digit of 2648694?
6
What is the ten thousands digit of 1023746?
2
What is the thousands digit of 137966?
7
What is the hundreds digit of 841649?
6
What is the ten thousands digit of 3272871?
7
What is the units digit of 1041872?
2
What is the tens digit of 48123?
2
What is the hundred thousands digit of 252810?
2
What is the ten thousands digit of 26016849?
1
What is the hundred thousands digit of 3052629?
0
What is the thousands digit of 4340393?
0
What is the ten thousands digit of 1484852?
8
What is the hundreds digit of 364377?
3
What is the hundreds digit of 952664?
6
What is the units digit of 219151?
1
What is the hundred thousands digit of 3029888?
0
What is the tens digit of 4071900?
0
What is the millions digit of 19250438?
9
What is the hundred thousands digit of 6307260?
3
What is the thousands digit of 2744246?
4
What is the hundred thousands digit of 378545?
3
What is the millions digit of 3032453?
3
What is the units digit of 4236079?
9
What is the tens digit of 314309?
0
What is the units digit of 1086984?
4
What is the tens digit of 1390027?
2
What is the units digit of 418040?
0
What is the hundred thousands digit of 731822?
7
What is the ten thousands digit of 257144?
5
What is the hundred thousands digit of 720100?
7
What is the hundred thousands digit of 379983?
3
What is the hundreds digit of 204006?
0
What is the units digit of 2582800?
0
What is the hundreds digit of 2383897?
8
What is the ten thousands digit of 1062158?
6
What is the tens digit of 2576415?
1
What is the units digit of 2234164?
4
What is the thousands digit of 1352049?
2
What is the tens digit of 8404302?
0
What is the hundreds digit of 5509257?
2
What is the tens digit of 144967?
6
What is the hundred thousands digit of 1056053?
0
What is the millions digit of 2635678?
2
What is the hundred thousands digit of 928294?
9
What is the hundreds digit of 617778?
7
What is the tens digit of 814143?
4
What is the thousands digit of 22516590?
6
What is the ten thousands digit of 548388?
4
What is the tens digit of 669760?
6
What is the hundreds digit of 6137103?
1
What is the hundreds digit of 4724356?
3
What is the units digit of 2250205?
5
What is the ten thousands digit of 595974?
9
What is the millions digit of 23141312?
3
What is the millions digit of 3392140?
3
What is the tens digit of 16935591?
9
What is the units digit of 55837?
7
What is the tens digit of 353766?
6
What is the hundreds digit of 58730?
7
What is the tens digit of 2706633?
3
What is the tens digit of 967911?
1
What is the thousands digit of 342898?
2
What is the hundreds digit of 123938?
9
What is the ten thousands digit of 466451?
6
What is the tens digit of 5178119?
1
What is the ten thousands digit of 2155702?
5
What is the hundred thousands digit of 19969114?
9
What is the ten thousands digit of 592932?
9
What is the ten thousands digit of 330407?
3
What is the tens digit of 5924559?
5
What is the tens digit of 5770753?
5
What is the tens digit of 93857?
5
What is the hundred thousands digit of 768303?
7
What is the ten thousands digit of 2830876?
3
What is the tens digit of 6458023?
2
What is the hundreds digit of 513560?
5
What is the millions digit of 2083621?
2
What is the ten thousands digit of 9665040?
6
What is the hundreds digit of 1603843?
8
What is the hundreds digit of 3614084?
0
What is the units digit of 245112?
2
What is the ten thousands digit of 63171?
6
What is the units digit of 9723858?
8
What is the millions digit of 9829925?
9
What is the tens digit of 289908?
0
What is the millions digit of 6879695?
6
What is the units digit of 3086443?
3
What is the units digit of 72556?
6
What is the hundreds digit of 6998742?
7
What is the ten thousands digit of 166162?
6
What is the ten thousands digit of 716575?
1
What is the thousands digit of 184569?
4
What is the units digit of 2922166?
6
What is the thousands digit of 314936?
4
What is the units digit of 7774901?
1
What is the tens digit of 149763?
6
What is the hundreds digit of 212275?
2
What is the ten thousands digit of 344983?
4
What is the units digit of 453238?
8
What is the thousands digit of 27245342?
5
What is the ten thousands digit of 2580509?
8
What is the units digit of 15366299?
9
What is the hundre